te b(-4).
575
Let j(m) = -5*m**3 + 8*m**2 - 1506*m + 13489. Give j(9).
-3062
Let d(n) = -n**2 - 12*n - 295. Calculate d(-12).
-295
Let a(x) = 2335*x + 23376. Give a(-10).
26
Let b(j) = 12743*j - 63760. Give b(5).
-45
Let m(w) = 2743*w - 850202. Give m(310).
128
Let b(t) = -t**3 - 69*t**2 + 3798*t + 2055. What is b(-105)?
165
Let m(n) = -n**3 + 580*n**2 + 2233*n + 60149. Determine m(584).
-3
Let f(b) = 30*b**3 - 4*b**2 + 52*b + 117. What is f(-2)?
-243
Let a(w) = -7663*w + 52099. What is a(7)?
-1542
Let g(q) = -q**2 - 44704*q - 44705. What is g(-1)?
-2
Let c(b) = -330*b - 2464. Determine c(-15).
2486
Let f(l) = -417*l + 12967. What is f(31)?
40
Let n(w) = -w**3 - 18*w**2 + 560*w + 510. Determine n(-34).
-34
Let h(s) = -s**2 - 16660*s - 49985. Determine h(-3).
-14
Let c(g) = -g**3 - 25*g**2 + 311*g + 15. Determine c(-34).
-155
Let y(i) = 21*i**3 + 1382*i**2 - 252*i - 108. Determine y(-66).
-900
Let j(i) = -i**3 - 1053*i**2 + 97968*i - 1216. What is j(86)?
-12
Let j(r) = 678*r - 217. What is j(-1)?
-895
Let q(p) = -17*p**3 + 852*p**2 - 71*p - 1449. Give q(50).
1
Let b(w) = w**3 - 14*w**2 + 188*w - 2379. What is b(13)?
-104
Let l(f) = 3*f**3 + 2*f**2 + 17*f - 46. Determine l(5).
464
Let j(m) = 3*m**2 + 178*m + 714. Give j(-4).
50
Let p(o) = -o**3 - 7*o**2 - 27*o + 27. What is p(-12)?
1071
Let s(n) = 7578*n + 30306. Calculate s(-4).
-6
Let p(t) = -t**3 - 151*t**2 - 1110*t - 76734. Determine p(-147).
0
Let o(x) = 2*x**2 - 168*x - 246. Give o(0).
-246
Let l(g) = -2*g**2 - 70554*g + 282221. Determine l(4).
-27
Let u(z) = 4*z**3 - 82*z**2 + 12*z - 49. Give u(19).
-1987
Let j(l) = l**2 + 528*l - 303586. Calculate j(347).
39
Let c(j) = 119*j**3 + 381*j**2 + 71*j - 2. Calculate c(-3).
1
Let p(i) = -i**3 - 967*i**2 + 3877*i + 23. Give p(4).
-5
Let r(l) = -13669*l + 14157. What is r(1)?
488
Let m(v) = -2*v**3 - 465*v**2 - 692*v - 120. Determine m(-231).
-351
Let c(t) = t**3 + 42*t**2 - 23*t + 837. Calculate c(-43).
-23
Let r(m) = 3*m**2 + 81*m + 127. Calculate r(-20).
-293
Let r(t) = -2478*t - 12395. Calculate r(-5).
-5
Let w(x) = 514*x + 40974. Determine w(-80).
-146
Let k(v) = 393*v + 61704. Calculate k(-157).
3
Let b(u) = -18*u**2 - 336*u + 76. What is b(-18)?
292
Let m(l) = -5*l**2 + 96509*l + 482657. Calculate m(-5).
-13
Let m(c) = c**2 - 72951*c - 1167478. Determine m(-16).
-6
Let w(k) = -1082*k + 46563. Give w(43).
37
Let a(u) = -3*u**2 - 407*u - 1339. Determine a(-132).
113
Let p(x) = -2*x**2 - 321*x - 10280. What is p(-43)?
-175
Let p(u) = 645*u + 2037. Calculate p(0).
2037
Let c(n) = 10*n**3 - n**2 + 38*n + 127. Determine c(0).
127
Let s(y) = 468*y**2 - 18*y + 14. What is s(0)?
14
Let u(s) = -9*s**2 + 1696*s - 27470. Give u(16).
-2638
Let l(t) = 14*t**3 + 5992*t**2 - 36*t - 15176. Give l(-428).
232
Let b(a) = 16*a**2 + 1181*a - 54546. Calculate b(-106).
44
Let o(m) = 464*m + 511. Calculate o(-1).
47
Let u(p) = 219*p**2 - 2679*p - 2190. Calculate u(13).
-6
Let f(n) = -156*n - 2957. Calculate f(-19).
7
Let f(q) = 656*q - 36. Determine f(-3).
-2004
Let z(k) = k**2 - 15054*k + 90272. Calculate z(6).
-16
Let b(a) = 32*a**2 + 675*a + 4126. Give b(-6).
1228
Let w(o) = -o**3 - 171*o**2 - 1574*o + 329. What is w(-10)?
-31
Let n(x) = -10*x**2 + 1667*x - 67026. Calculate n(99).
-3
Let h(g) = 29083*g + 116176. Calculate h(-4).
-156
Let f(z) = -z**3 + 26*z**2 + 683*z - 288. What is f(42)?
174
Let m(b) = -b**3 - 126*b**2 + 12672*b + 1. What is m(66)?
1
Let o(d) = 2*d**3 - 46*d**2 + 27*d - 63. Calculate o(23).
558
Let n(z) = -7338*z - 1416214. Calculate n(-193).
20
Let g(x) = -2*x**3 + 10*x**2 + 381*x - 2348. Determine g(6).
-134
Let m(b) = 5*b**3 + 57*b**2 - 194*b + 209. Give m(-16).
-2575
Let d(w) = w**2 + 1002*w + 238237. Determine d(-614).
5
Let v(o) = 5*o**2 + 245*o - 304. What is v(-50)?
-54
Let h(v) = 84845*v + 1696937. Give h(-20).
37
Let w(h) = 13672*h + 27345. Determine w(-2).
1
Let x(f) = -2*f**3 + 24*f**2 + 371*f - 13. Calculate x(-9).
50
Let a(c) = -4436*c - 643299. Give a(-145).
-79
Let x(q) = -1014341*q - 3043023. What is x(-3)?
0
Let z(v) = -10769*v + 2132272. Determine z(198).
10
Let x(v) = -2*v**3 - 31*v**2 - 4*v - 1594. Calculate x(-19).
1009
Let m(j) = 30*j**3 + 898*j**2 + 178*j + 7190. What is m(-30)?
50
Let t(d) = 21*d - 4103. What is t(197)?
34
Let c(m) = -m**3 - 95*m**2 + 20990*m - 2015. Give c(-200).
-15
Let n(t) = -t**3 + 26*t**2 + 747*t - 357. Calculate n(-18).
453
Let b(h) = 13*h**3 + 12*h**2 + 40*h - 69. What is b(-6)?
-2685
Let d(v) = 67*v**2 + 5083*v - 715. What is d(-76)?
-31
Let b(k) = -5*k**3 + 70*k**2 - 76*k + 23. What is b(13)?
-120
Let j(a) = 521*a**3 + 5*a**2 - 5*a + 1. Determine j(1).
522
Let r(o) = -2*o**3 - 240*o**2 - 484*o - 1520. Give r(-118).
-104
Let g(p) = -p**3 - 397*p**2 - 24638*p + 501. Determine g(-320).
-139
Let g(k) = k**2 - 39*k - 1227. Calculate g(-11).
-677
Let f(k) = k**2 - 7*k - 846. Give f(-23).
-156
Let w(p) = -488*p - 67384. Calculate w(-138).
-40
Let g(v) = 2616728*v + 2616731. Give g(-1).
3
Let m(r) = r**3 + 13*r**2 - 899*r + 267. Give m(24).
3
Let q(g) = -60*g + 323. Determine q(9).
-217
Let n(u) = 50*u + 2187. Determine n(-64).
-1013
Let m(w) = 6*w**3 + 504*w**2 + 15. Determine m(-84).
15
Let n(d) = 9193*d - 1636367. What is n(178)?
-13
Let j(z) = -109*z**2 + 266*z + 538. Give j(-2).
-430
Let o(z) = -z**3 + 100*z**2 + 191*z + 850. Calculate o(102).
-476
Let r(s) = s**3 - 93*s**2 + 897*s + 190. Determine r(82).
-220
Let y(f) = -8*f**2 - 3849*f + 1040848. What is y(193)?
-1
Let r(m) = 4*m**2 - 659*m - 5234. Calculate r(-8).
294
Let d(b) = 3*b**3 - 118*b**2 - 66*b + 900. Determine d(39).
-3195
Let l(u) = -2*u**3 + 43*u**2 + 50*u - 115. What is l(21)?
1376
Let c(x) = -144*x + 13244. What is c(92)?
-4
Let q(o) = -o**3 + 626*o**2 + 3035*o - 609. What is q(-5)?
-9
Let k(j) = j**2 + 22*j - 13329. Give k(-128).
239
Let q(y) = -y**3 + 30*y**2 + 6*y - 1092. Give q(29).
-77
Let y(x) = -6*x**2 + 1933*x + 3519. Determine y(324).
-45
Let l(p) = -247758*p - 1486324. What is l(-6)?
224
Let g(i) = i**3 + 82*i**2 - 5341*i + 4. Give g(-125).
-4246
Let c(s) = 2*s**3 + 65*s**2 + 792*s + 3389. What is c(-10)?
-31
Let u(o) = o**2 + 126*o + 4182. Give u(-75).
357
Let f(d) = 6328*d + 289005. Give f(-46).
-2083
Let b(c) = -7935*c + 468171. Give b(59).
6
Let x(s) = 5*s**2 + 15*s - 515. Calculate x(11).
255
Let d(k) = 91*k**2 + 3993*k - 348. Calculate d(-44).
136
Let n(g) = 24242*g + 24257. Give n(-1).
15
Let a(h) = -4801*h**2 + 9625*h + 2. Determine a(2).
48
Let t(u) = -u**3 + 414*u**2 + 6605*u + 25183. Calculate t(-9).
1
Let l(f) = 8*f**2 + 4549*f + 458626. Give l(-131).
-5
Let l(s) = s**3 - 15*s**2 + 1102*s + 6640. Give l(-6).
-728
Let p(m) = -6836*m - 61309. Determine p(-9).
215
Let u(f) = 368*f + 1595. Give u(-6).
-613
Let m(i) = -i**3 - 2*i**2 - 104*i - 1210. What is m(-8)?
6
Let m(n) = -2378*n + 114134. Calculate m(48).
-10
Let l(t) = -t**3 + 37*t**2 - 18*t - 76. Give l(37).
-742
Let v(x) = -20*x**2 + 6788*x - 9544. Calculate v(338).
-80
Let f(j) = j**3 - 36*j**2 + 171*j + 41. Determine f(6).
-13
Let o(m) = -m**3 + 573*m**2 + 25831*m - 624. Determine o(615).
-9
Let l(i) = -2*i**3 + 177*i**2 + 2233*i - 176671. What is l(90)?
-1
Let t(u) = -u**3 - 26*u**2 + 145*u + 3249. Calculate t(-27).
63
Let g(j) = -38*j**3 - 2014*j**2 - 13*j - 674. Give g(-53).
15
Let d(f) = -f**3 + 171*f**2 + 501*f + 3390. What is d(174)?
-264
Let b(z) = -z**3 - 21*z**2 + 924*z + 1746. Determine b(-42).
-18
Let p(j) = 70149*j - 14590990. Determine p(208).
2
Let j(g) = g**3 + 153*g**2 + 692*g - 2274. Determine j(-7).
36
Let d(c) = -c**3 + 172*c**2 - 3593*c + 148485. Calculate d(155).
-5
Let l(i) = -i**3 + 58*i**2 + 5408*i - 250301. Give l(41).
4
Let v(r) = r**3 + 105*r**2 + 1630*r - 362. What is v(-86)?
-18
Let x(s) = -470*s - 978. Calculate x(-4).
902
Let w(i) = -229*i**2 + 886*i - 86. What is w(4)?
-206
Let r(o) = o**3 + 6*o**2 - 54*o - 304. Calculate r(-7).
25
Let g(u) = -22*u**2 + 22*u + 621. Give g(-5).
-39
Let k(n) = -n**3 - 49*n**2 + 13*n + 991. What is k(-49)?
354
Let y(a) = -10*a**2 - 406*a - 1624. Determine y(-4).
-160
Let l(v) = -33*v**2 - 275*v + 6938. What is l(11)?
-80
Let s(x) = 4*x**2 + 428*x - 25131. Calculate s(-149).
-99
Let j(c) = -3*c**3 - 123*c**2 - 45*c - 1961. Give j(-41).
-116
Let q(i) = -9*i**2 - 494*i - 7378. Determine 